hat is the value of 1 + (0 - 0 - 5 - -10)?
6
What is the value of 13 + (10 + -10 - 12)?
1
((4 - -4) + -4 - 4) + 2
2
Evaluate -2 + -1 - (11 - (14 + -6)).
-6
Evaluate 0 + 1 + -9 - (-3 + -10).
5
Calculate -1 + -4 - (-1 - (-13 + 16)).
-1
Calculate 1 + 2 - (-23 - -25).
1
What is the value of 2 + 2 - (-8 - -7)?
5
What is (-6 - (7 + -7)) + 1?
-5
Evaluate (6 + -4 - 6) + 2.
-2
Evaluate 2 + 2 - ((1 - -3) + -1).
1
What is 13 + 5 + (-18 - -7)?
7
Calculate (3 + -4 - -4) + -5.
-2
2 + 1 + -1 + (-2 - 0)
0
0 + (-1 - (-6 + 2)) - 8
-5
Evaluate 0 + 3 - (0 + (-1 - -2)).
2
Calculate -3 + -9 + 8 + 7.
3
What is -2 + 2 + -6 + 5 + -2?
-3
What is 2 + 0 - (6 - (3 - 6))?
-7
(2 - (8 + -7)) + -7
-6
What is the value of 2 - 10 - (4 + -3 - 5)?
-4
6 + -3 + -12 + (6 - 2)
-5
What is the value of -6 - (-13 - -11) - (-1 + 1)?
-4
Evaluate -1 - ((0 + 0 - -3) + 1).
-5
Evaluate 15 + -13 + 0 + (1 - 0).
3
Calculate -18 - -12 - (4 + -1).
-9
Evaluate -1 + 1 + -1 - (0 + -5).
4
(0 - 0) + (13 - 6) + -3
4
(0 - -17) + (137 - 147)
7
Evaluate (4 - (2 - -2)) + 1.
1
Calculate 2 + -5 + -4 - 0 - -2.
-5
Evaluate (-2 + 1 - -1) + -1.
-1
Evaluate -4 + (-3 - (4 + -7)).
-4
Calculate (9 - (3 - -9)) + 3.
0
Evaluate (3 + -7 - -12) + -14 + 12.
6
Evaluate 13 + -11 + 1 + -2 + 1.
2
What is the value of -7 + (-6 - (0 + -18))?
5
Evaluate -5 - 1 - -10 - (0 + 8).
-4
-4 + (9 - (5 - -2 - 4))
2
(4 - -4) + -7 + (8 - 6)
3
What is -2 + -3 - (-28 - -25)?
-2
(12 + -4 - 3) + -7
-2
What is the value of (-7 - (-9 - -2)) + 5?
5
(0 - (5 + -2 + 0)) + 2
-1
What is the value of -4 + (-3 - -4) + 3?
0
Evaluate -5 + -2 + (-12 - -6) + 11.
-2
4 + (-8 - ((4 - 2) + -6))
0
What is (-1 - -2) + (4 - (-5 + 9))?
1
What is the value of -3 - (1 + 3 + -13 + 0)?
6
-4 + 3 + -3 + 2 + 4
2
(1 + 1 - -2) + 66 + -62
8
Calculate 4 + -3 + -4 + 5 - -6.
8
Calculate -10 + (-13 - -24) + -1 + 5.
5
Calculate 5 + 3 + (-7 - -5) - 1.
5
What is -7 - -3 - (-4 + 2)?
-2
What is the value of 1 + -3 + (3 - -2 - 7)?
-4
2 + 2 + (-12 - -12)
4
What is (-1 + 4 - 0 - 2) + -3?
-2
What is 1 - (-1 + 1) - -2 - 6?
-3
-1 + 4 - (-3 + -8 + 11)
3
-22 + 27 - (8 - (0 + -2))
-5
Evaluate -2 - (0 + 2) - (-34 - -37).
-7
Evaluate 13 + (5 + -4 - 15).
-1
Evaluate 0 + (13 - (16 + -9)).
6
3 - (3 + 1 + 4 + -6)
1
What is (-4 - (-5 - 0)) + (-4 - -2)?
-1
Calculate 0 - -3 - (126 - 131).
8
Evaluate 3 + (6 - (-4 - -5) - 4).
4
-9 + (-5 - (-9 - -4))
-9
Calculate 1 + 1 + (-4 - -6 - 5).
-1
What is the value of (-212 - -212) + (1 - -4)?
5
1 + (-2 - ((0 - 3) + 0))
2
What is the value of -8 + (8 - 11) + (-1 - -8)?
-4
What is the value of 20 + -15 - (-2 - -12)?
-5
What is 5 + -5 + -4 - -2?
-2
(8 - 26 - -10) + 8
0
Calculate 3 + 0 - (6 + -5) - -1.
3
What is the value of (-13 - -9 - (0 + -7)) + -6?
-3
What is the value of ((-3 - -6) + 6 - 13) + 12?
8
-4 - (5 - (1 + 7)) - -7
6
What is the value of -5 + (1 + -4 - (12 + -16))?
-4
Calculate 0 + 1 - (0 + (2 - 2)).
1
What is -1 + 6 + -3 - (-20 - -26)?
-4
Calculate 6 + (-8 - 6) + (4 - -1).
-3
(-7 - -9) + -7 + (3 - 2)
-4
-5 - (3 + (-5 - 3))
0
What is the value of -2 + 2 + (-4 - -4) + 3?
3
What is 23 + -22 - (-1 + 1)?
1
-3 + -4 + (-5 - -7)
-5
1 - (3 - (1 + 2) - 0)
1
What is 3 - ((-3 - -4) + -3)?
5
Evaluate -6 - -1 - (3 + -12).
4
Calculate -2 + -6 - (-1 - 3).
-4
What is -15 - 0 - (54 + -62)?
-7
Evaluate -35 + 37 + (-1 - 6) + 5.
0
What is the value of (9 - -3) + (4 - 9)?
7
Evaluate -1 - (1 + (2 - -4)) - 0.
-8
Evaluate -5 + 8 - 11 - -8.
0
What is (2 - (-7 + (3 - 1))) + -13?
-6
Calculate 0 - (-5 + (6 - 3)).
2
What is the value of 0 - -1 - (7 - 6) - 5?
-5
What is the value of 7 + -4 + 1 + -7?
-3
Calculate (-3 - (-8 + 4 - -1)) + 5.
5
Calculate 6 + (-7 - -6) + -6.
-1
Evaluate (0 - 2 - -2) + (-6 - -3).
-3
What is 3 - 7 - -5 - -2?
3
Evaluate 3 + (0 - 4) + (-1 - 2).
-4
What is the value of (-6 - (-1 + (5 - 3))) + 0?
-7
What is -5 + 5 - -6 - (-1 - -3)?
4
(-10 - -13) + 9 + -6
6
Evaluate (10 - 8) + -3 + -4.
-5
1 + (3 - (-9 + 6)) + -1
6
What is the value of 65 + -60 + (1 + -1 - 8)?
-3
What is (-16 - -20) + (1 - 3) + -3?
-1
Evaluate 3 + -3 + (-6 + 11 - 2).
3
1 + (0 - (0 + 4) - -1)
-2
What is -5 + (11 - 4) - 5?
-3
What is the value of 0 + (-7 - -4) + -2?
-5
Evaluate 3 - 10 - (-5 + (5 - 3)).
-4
What is -9 + 3 + 1 + 3?
-2
Evaluate (0 - 3) + (3 + 2 - 1).
1
Calculate (-1 + -8 - -12) + 1 + -11.
-7
(0 - 2) + 1 + 8 + -3
4
Evaluate -4 - (11 + -6 + 2) - -4.
-7
Calculate -13 + 5 - -2 - -3.
-3
Calculate (1 - (0 - (-3 - 0))) + 5.
3
What is -1 + -14 - -21 - (0 + -1)?
7
What is the value of (1 - 2) + (6 - (-11 + 14))?
2
What is the value of 4 + (-1 - (4 + 2)) + -5?
-8
2 + (3 + 0 - (3 + -2))
4
9 + 3 + -22 + 13
3
What is the value of (-2 - 3) + (-6 - -6)?
-5
What is the value of 4 + -4 + -2 - 2?
-4
What is (-4 - -4) + (2 - 1 - 2)?
-1
What is 8 - (-7 + 19) - 4?
-8
What is 6 + 7 + (5 - 19)?
-1
Calculate 5 - (-10 + 6 - -8).
1
Calculate -4 - (0 + (-4 - 0)).
0
17 + -22 - (1 - 8) - 4
-2
Calculate 7 + -5 + 6 + -10 + 3.
1
What is -3 + (-2 - -3 - (11 + -17))?
4
Evaluate 5 - 5 - 2 - -6.
4
What is the value of 4 + -6 + (6 - 2)?
2
What is -1 - -2 - (5 + -2 + -1)?
-1
Calculate -1 - -2 - 3 - (-6 - -3).
1
Calculate (-1 - 0 - 2) + -7 + 8.
-2
Evaluate -9 - (-6 - (8 - 7)).
-2
7 + 0 + 6 - 5
8
What is the value of 3 + 0 + 0 + 6 + -5?
4
What is -17 - -7 - -15 - (4 - -1)?
0
What is -2 + -1 - (4 - 4 - 6)?
3
-6 + 3 - (-10 - -6)
1
(-1 - 1) + 2 + (1 - 3)
-2
2 - (-6 + 2 + -7 + 16)
-3
Evaluate 0 - (-5 - (-1 - 5) - 2).
1
Evaluate (3 - 1) + (-1 - (0 + 3)).
-2
Calculate 53 + -57 - (-4 - -1).
-1
Calculate -3 + 0 - (15 - 10 - 6).
-2
3 - (-3 + (5 - -5))
-4
3 + 2 + (-15 + 1 - -4)
-5
(0 - (-8 + 1)) + -4 + 1
4
What is the value of -3 + 6 + (2 - 2) + 1?
4
Calculate 2 + (-12 + 0 - (8 - 13)).
-5
Evaluate -1 + -3 + 2 + -3.
-5
Evaluate 13 + -8 - 2 - (0 + 2).
1
Evaluate -11 + 13 + (1 - (2 + 8)).
-7
Evaluate 6 + -3 + (1 - 3) - -4.
5
Calculate 16 - ((0 - -1) + 11).
4
6 + (-5 - -13 - 7)
7
Calculate -2 + -3 - (-6 + 3).
-2
Calculate 3 - (5 - (3 + -2) - 1).
0
Evaluate -11 + 17 + 6 - 6.
6
Evaluate (-5 - -1) + 1 + 6.
3
Calculate -5 + 0 + 1 + 5.
1
Evaluate (2 - 2 - (1 - 4)) + -8.
-5
What is 2 + -9 + (13 - 11 - -2)?
-3
-6 + 7 + (-1 - 1)
-1
-3 + (1 - (0 + 2) - -3)
-1
What is -9 - (6 - 17) - (-3 - -1)?
4
Evaluate 1 + -10 + 9 + -6 + 1.
-5
Evaluate 4 + 1 + 0 - (-3 + 3).
5
Evaluate -1 - (0 + -8 + 5 - -7).
-5
Evaluate (0 - -9) + 1 + 4 + -7.
7
What is the value of (2 + 7 - 7) + (1 - 0)?
3
What is the value of 7 + -1 + -3 - 1 - 9?
-7
What is (2 - -7) + (2 - 8)?
3
Calculate -1 + 2 - (16 + -26 + 16).
-5
Calculate (-6 - -8) + (-4 - (3 + 1)).
-6
Calculate 5 + (4 - (-4 - -8)).
5
What is 4 + 0 - (-13 + 8 + 11)?
-2
What is the value of -7 - ((79 - 81) + -1 + 4)?
-8
Calculate 5 + (9 + -27 - (-1 + -6)).
-6
Evaluate 5 + -6 + (15 - 16).
-2
4 + -3 - (0 + -2 - -1)
2
What is -1 + -3 + 12 + -10?
-2
What is 0 + -10 - (-19 + 16)?
-7
What is 3 - 2 - (4 + -3)?
0
Calculate 6 - -8 - (16 + -6).
4
-7 + (14 - 12 - (1 + -2))
-4
(2 - -6) + 2 + -5 + -2
3
Calculate -37 + 48 + (-5 - 2).
4
What is 7 - (10 + (-15 - -14))?
-2
Evaluate 19 + -13 + 0 - -2.
8
What is the value of 6 + -7 + 4 - (-5 + 8)?
0
What is the value of (2 - 7 - (-5 - -4)) + 9?
5
Calculate -14 + 6 + (2 + -3 - -4).
-5
1 + 5 + (-2 - 3)
1
Calculate -1 + 0 + 9 + -9.
-1
120 + -114 + 1 + -17
-10
Calculate (-1 - -1) + (5 - 5) - -2.
2
What is the value of (-4 - -9 - 8) + -1?
-4
What is the value of (27 - 23) + -1 + -6?
-3
-8 + -4 - -4 - (-11 + 6)
-3
Calculate 2 + 0 + -5 + 2.
-1
What is 2 - (-1 - (-12 - -4))?
-5
What is (5 - 18) + (4 - 6) + 7?
-8
Evaluate -25 + 24 - (-5 + (1 - 0)).
3
What is (30 - 15) + -7 + 1 + -4?
5
Evaluate 6 - (5 - 0) - (8 - 1).
-6
Calculate (-1 - -11) + -8 - 10.
-8
Calculate (0 - -6) + -6 + -2.
-2
What is -6 - (-24 + 11 - -3)?
4
What is -3 + 1 + -21 + 27?
4
Evaluate (6 - -1) + -8 + 1 + -1.
-1
Calculate 12 + -1 + 1 + -18 + 11.
5
What is 3 - (-3 - 0 - -8)?
-2
What is (-2 - (-8 - 1)) + 0 - 3?
4
What is 2 - (-5 + 2 - -3)?
2
What is -3 + 19 + (-18 - -8)?
6
-1 + -9 + (-2 - -8)
-4
Evaluate 0 + 2 + (2 - 3) + -4.
-3
-30 + 7 - -8 - -9
-6
What is -2 + 0 + 9 + (-2 - 2)?
3
Evaluate 9 + (2 - (0 + 7)).
4
-1 + 5 + (9 - 4)
9
52 - 46 - (0 + 1)
5
(2 + 2 - 2) + 4 + -3
3
Evaluate -10 - ((3 - 5) + 2 - 4).
-6
6 - (22 - 0) - (2 + -10)
-8
What is -3 - ((-2 - (4 - 5)) + 2)?
-4
Calculate 3 + (-9 - -3) + 2 + 2.
1
Calculate -14 - ((-21 - 